5) in base 10?
-29
Convert 2262 (base 12) to base 15.
11e8
269f (base 16) to base 3
111120012
-2565 (base 9) to base 6
-12522
Convert -102021301 (base 4) to base 11.
-50954
What is -72f (base 16) in base 4?
-130233
110010111100 (base 2) to base 14
128c
-1001220120 (base 3) to base 12
-10243
Convert -1221100 (base 3) to base 5.
-21123
What is -1022203 (base 5) in base 3?
-212120020
Convert 1a59 (base 12) to base 14.
1273
What is -557a (base 13) in base 16?
-2e9b
Convert -1255 (base 6) to base 4.
-11003
-a266 (base 14) to base 3
-1102022011
What is 1000001 (base 3) in base 16?
2da
Convert -319 (base 11) to base 16.
-17f
Convert 111100010000 (base 2) to base 4.
330100
What is 297a (base 14) in base 3?
101002121
834a (base 13) to base 2
100011011100001
What is -9018 (base 13) in base 14?
-72dc
Convert -18 (base 10) to base 9.
-20
146 (base 12) to base 2
11000110
Convert -11101100 (base 2) to base 11.
-1a5
Convert 3541 (base 6) to base 13.
508
Convert 210 (base 12) to base 5.
2200
-9a3 (base 12) to base 3
-1221120
What is 160 (base 9) in base 10?
135
-531 (base 12) to base 15
-357
What is 986 (base 10) in base 4?
33122
What is -26014 (base 7) in base 14?
-270b
Convert -2590 (base 10) to base 12.
-15ba
What is 3024 (base 10) in base 14?
1160
Convert 955 (base 13) to base 7.
4432
What is -309 (base 12) in base 11?
-371
-10084 (base 10) to base 14
-3964
What is -a64 (base 11) in base 15?
-5a5
What is -275 (base 15) in base 4?
-20300
What is 1737 (base 11) in base 8?
4252
Convert -15560 (base 7) to base 16.
-1133
What is -14a2 (base 14) in base 13?
-1894
Convert 12220111 (base 3) to base 11.
3265
Convert -277 (base 13) to base 10.
-436
Convert 18d (base 15) to base 6.
1354
What is -306 (base 8) in base 13?
-123
Convert -455503 (base 6) to base 8.
-113677
-62710 (base 9) to base 11
-29117
-160423 (base 7) to base 4
-13223002
1115 (base 6) to base 7
524
10002121211 (base 3) to base 4
32320201
Convert -6bbc (base 13) to base 6.
-154204
Convert 2323 (base 6) to base 10.
555
-d9 (base 16) to base 8
-331
-722 (base 16) to base 10
-1826
5356 (base 12) to base 15
2a93
-12243 (base 5) to base 3
-1022010
What is -1302 (base 8) in base 4?
-23002
-24a8 (base 13) to base 15
-1823
Convert -1555 (base 8) to base 14.
-469
What is -1237 (base 8) in base 7?
-1646
3ee7 (base 15) to base 10
13492
54720 (base 9) to base 4
20313102
111122 (base 5) to base 9
5326
-2022330 (base 5) to base 12
-17008
-1ec (base 15) to base 5
-3242
Convert -11001000011 (base 2) to base 16.
-643
Convert 232 (base 9) to base 4.
2333
Convert -210111 (base 3) to base 8.
-1104
What is 1533 (base 8) in base 7?
2335
What is 1a2 (base 15) in base 8?
571
-11444 (base 5) to base 16
-36a
Convert -ba1 (base 15) to base 5.
-41001
What is 10100001100 (base 2) in base 11?
a75
Convert -6314 (base 9) to base 13.
-2152
-2828 (base 12) to base 15
-1595
2651 (base 7) to base 2
1111111000
What is 1e7 (base 15) in base 4?
12322
69a (base 15) to base 8
2727
Convert 3515 (base 8) to base 13.
b0a
-1102 (base 14) to base 2
-101101111110
What is -4253 (base 6) in base 5?
-12334
-5637 (base 9) to base 15
-137a
Convert c7b (base 15) to base 12.
1768
213 (base 4) to base 2
100111
1da (base 16) to base 4
13122
2005 (base 10) to base 14
a33
What is -4130 (base 9) in base 14?
-1160
Convert -303 (base 7) to base 14.
-aa
What is 32212223 (base 4) in base 9?
101045
769 (base 10) to base 12
541
What is 1040035 (base 6) in base 11?
35a69
What is -222 (base 15) in base 6?
-2122
-8a (base 16) to base 5
-1023
Convert -248 (base 12) to base 15.
-17e
Convert 99 (base 11) to base 5.
413
Convert 467 (base 14) to base 12.
60b
Convert 5ba (base 16) to base 14.
76a
-1100111111 (base 2) to base 8
-1477
2112202 (base 3) to base 5
24411
What is 58c (base 13) in base 12?
681
Convert -869 (base 13) to base 11.
-1099
Convert -343 (base 14) to base 6.
-2555
11000111011 (base 2) to base 16
63b
-18b (base 16) to base 6
-1455
Convert 9a7 (base 12) to base 15.
64d
-2111202 (base 3) to base 10
-1829
Convert -844 (base 9) to base 8.
-1260
What is 547 (base 11) in base 6?
3012
-101112121 (base 3) to base 4
-1320010
What is 101 (base 10) in base 11?
92
What is -343332 (base 5) in base 8?
-30066
11472 (base 13) to base 3
1121020200
-331252 (base 6) to base 4
-12232100
What is -20b3b (base 12) in base 16?
-a85f
Convert e3 (base 15) to base 2.
11010101
-4a0 (base 14) to base 16
-39c
-3507 (base 10) to base 16
-db3
Convert 3b5aa (base 12) to base 2.
10100000010010010
Convert -43275 (base 9) to base 11.
-1a596
Convert -3108 (base 11) to base 9.
-5580
What is -140 (base 10) in base 15?
-95
a45c (base 13) to base 10
22723
1485 (base 11) to base 5
30113
-13809 (base 12) to base 16
-69c9
-26053 (base 11) to base 6
-444450
15515 (base 6) to base 11
1a24
What is 5104 (base 9) in base 2?
111010010010
43510 (base 6) to base 5
143033
-37367 (base 8) to base 14
-5c35
Convert -66733 (base 9) to base 2.
-1010110100110001
Convert 12234 (base 5) to base 6.
4212
e3c (base 15) to base 4
302013
What is -132102 (base 4) in base 16?
-792
-11111111100 (base 2) to base 8
-3774
What is 103c (base 13) in base 10?
2248
What is -3857 (base 13) in base 3?
-101222212
726a (base 15) to base 9
36141
-169 (base 16) to base 12
-261
-1100111101101 (base 2) to base 8
-14755
Convert -114024 (base 6) to base 8.
-23340
Convert 8b5 (base 12) to base 13.
782
What is -2001112 (base 5) in base 7?
-160365
Convert -18036 (base 10) to base 11.
-12607
315 (base 10) to base 7
630
Convert 110020 (base 3) to base 10.
330
What is -77000 (base 9) in base 10?
-51030
Convert 1022121 (base 3) to base 12.
681
Convert c1c (base 14) to base 5.
34003
Convert 11c0 (base 15) to base 16.
ec4
What is -3467 (base 13) in base 16?
-1cb8
1010110000111111 (base 2) to base 9
66434
What is -5a9 (base 15) in base 2?
-10100000100
-301 (base 14) to base 8
-1115
Convert 214 (base 10) to base 7.
424
Convert 42249 (base 10) to base 2.
1010010100001001
What is -2211132 (base 5) in base 15?
-b52c
What is -1801 (base 15) in base 3?
-21002201
33311 (base 10) to base 15
9d0b
What is 2b2 (base 16) in base 6?
3110
Convert -1100000000 (base 2) to base 3.
-1001110
Convert 106526 (base 7) to base 14.
6d86
Convert -7b3 (base 14) to base 4.
-113321
What is -10111001 (base 2) in base 10?
-185
-706 (base 16) to base 9
-2417
-52 (base 12) to base 5
-222
599 (base 10) to base 9
735
-102220210 (base 3) to base 9
-12823
Convert -140113 (base 6) to base 11.
-9853
What is 1147 (base 12) in base 13?
b53
-44062 (base 7) to base 4
-2230030
What is -31321 (base 5) in base 10?
-2086
What is 514 (base 7) in base 13?
169
Convert 1289 (base 11) to base 9.
2255
-300 (base 5) to base 10
-75
3534 (base 6) to base 4
31102
What is 100111111011100 (base 2) in base 4?
10333130
-12718 (base 11) to base 4
-10123321
What is -1414420 (base 5) in base 16?
-72b0
-22a7 (base 11) to base 6
-21553
17a (base 16) to base 6
1430
1104 (base 9) to base 8
1456
What is -1944 (base 11) in base 7?
-10124
What is -13a8 (base 14) in base 11?
-2684
What is -103727 (base 9) in base 4?
-33012010
What is 16457 (base 10) in base 8?
40111
What is -31a9 (base 14) in base 10?
-8577
What is -aa1b (base 14) in base 16?
-72f1
Convert -174b (base 13) to base 10.
-3443
-11000101000 (base 2) to base 15
-701
ead (base 15) to base 10
3313
Convert 5425 (base 6) to base 15.
57b
Convert 131154 (base 6) to base 9.
17347
Convert -102003 (base 4) to base 14.
-5c7
What is -596 (base 14) in base 15?
-4e2
-158 (base 16) to base 4
-11120
What is -619 (base 16) in base 15?
-6e1
-3c7 (base 16) to base 12
-687
Convert 11001100110 (base 2) to base 8.
3146
Convert 2b (base 14) to base 3.
1110
222221 (base 3) to base 5
10402
943 (base 16) to base 6
14551
What is -302450 (base 7) in base 10?
-51338
Convert -2176 (base 11) to base 14.
-108a
-1221 (base 7) to base 8
-710
What is 8958 (base 10) in base 11?
6804
Convert 203220 (base 7) to base 12.
18143
What is -5b55 (base 13) in base 8?
-31162
What is -481 (base 11) in base 10?
-573
What is -146156 (base 8) in base 16?
-cc6e
-8c3 (base 15) to base 2
-11110111111
What is 69 (base 13) in base 11?
7a
Convert 16332 (base 8) to base 16.
1cda
1288 (base 14) to base 15
e71
Convert 67 (base 12) to base 15.
54
-7c8 (base 15) to base 6
-12055
What is -1199 (base 10) in base 12